- 4. Let c(w) = 3*w + 9. Suppose 9 = 6*m + 33. Let f be c(m). What is t(f)?
-13
Let l(r) be the second derivative of 0 + 5*r + 1/3*r**3 - 3*r**2. Give l(4).
2
Let x(r) = 0 - r + 5*r + r**2 + 1. Suppose 0*j - 5*j + 15 = 0. Suppose -4*f - 8 = 0, -3*s + j*f - 2*f = 13. Give x(s).
6
Let q(d) = 4*d**3 + d**2 - 8*d + 1. Let o(z) = 3*z**3 + z**2 - 7*z. Let u(b) = 3*o(b) - 2*q(b). Give u(-3).
-5
Let r = 3 - 4. Let z = 6 + r. Let d(b) = 2*b**2 - b**2 + b - 6*b + 5. Give d(z).
5
Let v(z) be the third derivative of -z**6/20 - z**5/30 - z**4/12 - z**3/6 + z**2. What is v(-1)?
5
Let u(c) be the third derivative of -13*c**4/24 + c**3/6 - 3*c**2. What is u(1)?
-12
Suppose 3*g - 3*d = 6, -4*g - d = 3*d. Let c(a) = 0 + a**2 + g - 1. What is c(3)?
9
Let s be -4 - (1 + -1 + 2). Let p(g) = 7*g - g**3 + 3*g + 7 - 6*g**2 - 9*g. Give p(s).
1
Let z(q) = 2*q - 1. Let m = 103 + -110. What is z(m)?
-15
Let z(h) = -5*h + 5. Let x(l) = 6*l - 6. Let b(g) = -4*x(g) - 5*z(g). Calculate b(-4).
-5
Let x = 1 - 6. Let u(p) = -1 - 2*p + 5 + p - 2. Determine u(x).
7
Let l be ((-105)/25 + 3)/((-1)/(-5)). Let o(b) = -b**3 - 6*b**2 + 7. What is o(l)?
7
Let t(i) = -i**3 - 35*i + 3*i**2 - 3 + 3 + 43*i - 5. Determine t(5).
-15
Let t = 86 + -80. Let f(q) be the third derivative of q**5/60 - q**4/4 + 2*q**3/3 - q**2. Give f(t).
4
Let v(f) = f**2 + 4*f - 4. Let b(p) = p**2 + 4*p - 4. Let c(t) = 3*b(t) - 4*v(t). Give c(-4).
4
Let k(s) = -s**2 + 1. Let i be k(-1). Suppose i*q + q = 3. Let d(n) = 5*n**2 - q + 2*n**2 - 4*n**2 - 3*n + n**3. Determine d(-3).
6
Let u(z) = z**3 - 3*z**2 - 3*z + 3. Suppose -15 = r - 8*n + 3*n, 0 = n - 5. Suppose -2*i + r = 4. Calculate u(i).
-6
Let b(a) = a**2 + 2*a - 1. Let v(w) = w - 2. Let j(c) = c**3 - 6*c**2 + c + 3. Let t be j(6). Let u = t - 5. Let x be v(u). Calculate b(x).
7
Let l(q) = -2*q + 7. Let o = 20 + -15. Determine l(o).
-3
Suppose -f - 4*f = 2*n - 18, -3*n + 5*f = -2. Suppose n*p = 10 + 14. Suppose -4*i + 2 = -p. Let x(r) = r**2 + r - 1. Determine x(i).
5
Let a(d) = 2*d**3 + 48 + 4*d - 43 - 7*d**2 - 3*d - d**3. Determine a(7).
12
Let s(f) = -f + 1. Let r(q) = 2. Let y(t) = r(t) - 3*s(t). Let k be (-2)/9 + (-94)/(-18). Let v be (2/5)/(1/k). Give y(v).
5
Let w(b) be the first derivative of -b**4/4 + b**3/3 + b**2 + b - 1. Suppose 2*o = o + 4. Suppose -6*u = -2*u + o. Give w(u).
1
Let u(y) = y**3 - y**2 - 3*y - 3. Suppose -7*v - v - 16 = 0. Give u(v).
-9
Let i(y) = y - 3. Suppose -4 = -z + 9. Let h = z + -9. What is i(h)?
1
Let y(p) = p**2 - 14*p - 32. Let n be y(16). Let d(q) = -q - 12. Determine d(n).
-12
Let p(n) be the first derivative of n**3/3 + n**2 + 2*n - 2. Calculate p(-5).
17
Let o be (-2 - 0) + 2 + 0. Let u(k) be the third derivative of 0*k + 0*k**4 + 3*k**2 + 1/12*k**5 + o + 0*k**3. What is u(-1)?
5
Let k(u) = 2*u - 5. Let s = 3 + -1. Suppose -s*l + 1 + 7 = 0. What is k(l)?
3
Suppose 0 = 2*r + 5*p + 23, -19 = r - 2*p + 6*p. Let s = r + 2. Let u(f) be the second derivative of -f**3/6 + f**2 - 2*f. Give u(s).
-1
Let v(n) = -5 + 5 + n - 3 + 4. Suppose -2*g = -2*c - 5 + 11, -15 = -5*g. Determine v(c).
7
Let f = 38 - 25. Let i = 9 - f. Let w(l) = -l**3 - 4*l**2 - 2*l + 4. Calculate w(i).
12
Let h(j) = -3*j - j**2 + j + j - j**3 - 1. Let i be h(-1). Let q(m) = -8*m + 5. Let k(p) = -3*p + 2. Let s(t) = -11*k(t) + 4*q(t). Give s(i).
-2
Let u(v) = 6 + 4*v + 11 - 19. Determine u(2).
6
Let n = 11 - 6. Let f = 8 - n. Let r(q) = -q - f*q + q + 2*q + 2. Give r(5).
-3
Let i be 212/10 - 1/5. Let y(h) = 0*h + 5*h - i + h. Let n(c) = 4*c - 14. Let l(k) = -7*n(k) + 5*y(k). Calculate l(5).
3
Let s(a) be the third derivative of 2*a**2 + 0*a + 0 + 2/3*a**3 - 1/24*a**4. Calculate s(5).
-1
Let g(t) = 6*t**2 - 7*t - 7. Let c(v) = -5*v**2 + 6*v + 6. Let w(y) = 5*c(y) + 4*g(y). Determine w(-1).
-1
Let b(g) = -3*g**3 + 3*g**2. Let h = 63 - 61. Calculate b(h).
-12
Suppose -f + 8 = 3*f. Let l = 0 + 2. Let b(r) = 2*r - 6*r - 5 + l*r + 3. Give b(f).
-6
Let l(c) = -c**3 + 6*c**2 - 4*c - 5. Let m = 30 - 15. Suppose 4*x = x + m. Give l(x).
0
Let t(y) = 7 - 13 + y**2 + 7 + 2*y. Let p(r) = -r. Let s be p(-3). Let b = s + -5. Determine t(b).
1
Let o(v) = -v**2 + v + 1. Let x be o(1). Let n(u) = -u**2 - 10*u + 11. Let a be n(-11). Let m(k) = k + 5 + a + k - 4. Determine m(x).
3
Let j(o) = -3*o**3 - 3*o**2 - 1. Let l(b) be the second derivative of -b**5/20 - b**4/12 - b**3/6 - 7*b. Let h(w) = -j(w) + 2*l(w). What is h(-2)?
1
Let b(z) = z**2 + z + 4. Let g = 15 + -18. Determine b(g).
10
Let z = 11 - 20. Let p = z + 13. Let w(m) = m**2 - 5*m + 6. Give w(p).
2
Let l(u) = u**3 + 2*u**2 + 2*u + 1. Let f be l(-1). Let y(t) = -t**2 + t + 8. Calculate y(f).
8
Let k(w) be the first derivative of w**4/4 + 2*w**3/3 - w**2 - 4*w - 1. Let q be -1*(-8)/(-12)*45. Let r = q - -27. Determine k(r).
-7
Let x be -2*(1/3)/((-4)/18). Let z(h) be the third derivative of -h**6/120 + h**5/20 + h**4/12 + 2*h**2. Give z(x).
6
Let v be (-72)/(-5) - (-20)/(-50). Let q = v - 9. Let f(g) = -g + 10. Calculate f(q).
5
Let z(t) = -t**2. Let b = 53 + -51. Calculate z(b).
-4
Let d(i) = -2*i**2 + 3*i + 8. Let f(b) = b**2 - b - 4. Let h(l) = -2*d(l) - 5*f(l). Suppose -z + 6 = m + 1, 0 = -4*z + 20. Calculate h(m).
4
Let s(t) = 2 + 2 - 2*t + 3 - 5. Let r(a) = -a + 1. Let v(d) = 10*r(d) - 4*s(d). Calculate v(-2).
6
Let u(s) = -4*s - 1. Let m(k) = -8*k - 2. Let q(j) = -2*m(j) + 5*u(j). What is q(-1)?
3
Let p(u) = -3*u - 2. Let c be p(-2). Let r = -6 + c. Let k(l) be the third derivative of l**5/60 + l**4/12 + l**3/3 + l**2. Calculate k(r).
2
Let l(j) = -j**2 - j - 7. Let o(z) = z**2 - z + 7. Let p be o(0). Suppose 4*v - p*m - 5 = -2*m, -5*m = 2*v + 5. Suppose v*d = d. Calculate l(d).
-7
Let u be (-7 - -4)*1/(-3). Let q(y) = -9*y**2 - y + 1. Give q(u).
-9
Let h = 6 + 0. Let x = h + -4. Let p(b) = -b**3 + 3*b**2 - 2*b + 2. What is p(x)?
2
Let n(i) be the third derivative of -i**6/120 - i**5/15 - i**4/12 + 2*i**3/3 + 10*i**2. What is n(-3)?
1
Let u = 23 + -21. Let g(b) = -b**2 + 3*b - 2. What is g(u)?
0
Suppose 4*p + 2 = -4*k + 2*k, -2*k = -2*p + 2. Suppose -5*n + 2*n + 3 = p. Suppose -l + n = 4. Let b(a) = -a**3 - 5*a**2 - 4*a. Calculate b(l).
-6
Let z(b) = -5*b**2 + 5*b + 2. Let c(d) = 14*d**2 - 15*d - 6. Let a = -7 + 4. Let w(m) = a*c(m) - 8*z(m). Let x be (-18)/(-4) - 2/4. Determine w(x).
-10
Let n(a) = -a**3 - 5*a**2 + 2*a + 1. Suppose -5*o = h - 6*h - 5, 4*h + 16 = o. Give n(h).
-9
Let a(y) = 3*y - y - 3*y + 7. Let j be (16/(-3))/((-4)/6) + -3. Give a(j).
2
Let x be ((-9)/(-2))/(9/(-12)). Let o(v) = 4*v - 8 + 3*v**2 + 2 + 4*v**2 + v**3. Determine o(x).
6
Let t(k) = -2*k + 6. Let x(d) = -d**3 - d**2 + 2*d - 6. Let g be x(-3). What is t(g)?
-6
Let c(i) = 4 - 33*i + 5*i**3 - 4*i**3 - 5*i**2 + 35*i. Give c(4).
-4
Let j = 1 - -5. Let r(f) = -2*f**2 + j + f**3 - 2*f**3 - 4 + 2*f. Let x(l) = -l**3 - 5*l**2 - 4*l - 3. Let d be x(-4). Give r(d).
5
Let z(t) = 2*t**3 - 3*t**2 + 3*t - 3. Let n(s) = 2*s**2 - 13*s + 4. Let y be n(5). Let w = 13 + y. Determine z(w).
7
Let k(n) = -3*n. Let g(r) = -r**3 + 20*r**2 - 19*r - 2. Let s be g(19). Calculate k(s).
6
Let v(o) = -5*o - 4. Suppose 4*z - 9 = m - 0*m, -2*z = -6. Let d(a) = a**2 - 5*a + 3. Let p be d(m). What is v(p)?
11
Let i(k) be the third derivative of k**5/120 - k**4/8 + k**3/6 - 3*k**2. Let m(p) be the first derivative of i(p). Give m(-3).
-6
Let c(b) = -3*b + 48. Let r be c(16). Let j(l) be the first derivative of 3/2*l**2 + r*l + 2. Calculate j(1).
3
Suppose u - 4 = 1. Let a(b) = 2 - u*b - 3*b + 2*b - b**2 + 4*b. Calculate a(-3).
-1
Let s(x) be the third derivative of -x**4/24 - 5*x**3/6 - 8*x**2. What is s(6)?
-11
Let v(q) = -q**3 + 4*q**2 - 4. Suppose 0 = -3*y + 5*n + 4, -5*y + 4*n - 7 = -18. What is v(y)?
5
Let q(y) = y + 1. Let h(a) = 8*a - 1. Let l(x) = -x. Let o(j) = -h(j) - 6*l(j). Let w be o(-1). Determine q(w).
4
Let h(i) = -i**3 - i**2 - 7*i - 1. Let c(z) be the second derivative of -1/12*z**4 - 2*z + 1/6*z**3 + 0 + 1/2*z**2. Let n(w) = -4*c(w) - h(w). Determine n(-3).
6
Let z(p) be the second derivative of -p**2 + 0 + 1/6*p**3 + p. Let n(x) = -3*x - 1. Let y be n(-1). Determine z(y).
0
Let s(w) = -3*w**3 - 4*w + 3. Let c(m) = 4*m**3 + 5*m - 3. Let p(g) = 4*c(g) + 5*s(g). Give p(0).
3
Let p = 33 + -38. Let w(d) = 2*d**2 + 6*d + 2. Give w(p).
22
Let v(p) = 